ors of i(y).
2, 3
Let i = 34 + -22. What are the prime factors of i?
2, 3
Let i = 22 + 65. Let j be ((-4)/(-6))/((-4)/(-12)). Suppose 4*l - 3*r + 6*r - i = 0, 0 = j*l + 4*r - 56. List the prime factors of l.
2, 3
Let q(o) = -22*o - 9. What are the prime factors of q(-8)?
167
Suppose -2*f = f. Suppose 0 = 3*t + 2*l - 79, f = -4*t - 2*l + 38 + 66. List the prime factors of t.
5
Let z(q) = -2*q**3 + q**2 - 2*q. Let g be z(3). Let i = -24 - g. What are the prime factors of 2/(-6)*i/(-1)?
3
Let o = 9 - 6. Let p(y) be the first derivative of 3*y**2/2 - 4*y + 3. What are the prime factors of p(o)?
5
Let x be 3 + -2 + (1 - -4). Suppose -4*f + 2*f = -x. What are the prime factors of f?
3
Suppose v + 2*b = -2*b + 4, -4*v = b - 1. Suppose 4*k + 4*l - 48 = v, -4*l + 4 = -12. What are the prime factors of k?
2
Suppose 2*f - 198 = -f. Let b = f - 39. List the prime factors of b.
3
Suppose x - 21 = 5*p, -4*x - 29 = p - 8. Let i(k) = k**2 + 2*k + 2. Let c be i(x). Let m = -6 + c. List the prime factors of m.
2
Let f = 1 + -5. Let l be f/10 - (-76)/(-10). List the prime factors of (-15)/(-2)*l/(-6).
2, 5
What are the prime factors of (-1)/1 + (-1 - -13)?
11
Let z be (14/4)/(1/2). Let v be 44/z + 4/(-14). Suppose 0 = -2*j - 0*j + v. What are the prime factors of j?
3
Suppose -5*w = 5, -4*m + 6*w + 13 = w. Suppose 4*d = 5*i + 15, 0 = 3*i + 2*i - m*d + 15. List the prime factors of i/(-2) + 45/2.
2, 3
Let r(a) = a**2 - a - 8. What are the prime factors of r(-6)?
2, 17
Let o = 4 + -4. Suppose 3*q + 0*q - 12 = o. Suppose q*p + 0*p - 12 = 0. What are the prime factors of p?
3
Let j(x) = x**3 - 9*x**2 + 9*x - 1. What are the prime factors of j(8)?
7
Suppose 0*v + 5 = v. Suppose v*j + 13 = 88. What are the prime factors of j?
3, 5
Let x(j) = j**3 + 7*j**2 + 5*j - 3. Let u be x(-6). Suppose -13 = -g + u*v, 0*g + 8 = -g - 4*v. List the prime factors of g + 3/((-6)/(-4)).
2, 3
Suppose -2*h = -o - 18, 3*o + 0*o + 54 = 5*h. Let w = 37 + o. List the prime factors of w.
19
Suppose -4*u + 4*n = 2*n - 282, 4*n = 20. List the prime factors of u.
73
Let u = 11 + -7. Suppose r + 0*r = u. Suppose 12 = r*w - 28. What are the prime factors of w?
2, 5
Let p(s) = -7*s + 9 + 3*s + 3*s. Let u(i) = 1. Let b(v) = p(v) - 3*u(v). What are the prime factors of b(-11)?
17
Let v be (-35)/(-15) - 1/3. Let l be (-4)/3*(-3)/v. What are the prime factors of (1/l)/(1/22)?
11
Suppose 3*o - 7*o + 19 = 5*p, -5*p = o - 16. What are the prime factors of p?
3
List the prime factors of (-1 + (-131)/(-5))/(96/720).
3, 7
Let f(y) = y**3 - 4*y**2 + 6*y - 4. Let x be f(4). Suppose -v = 3*v - x. Suppose 8 = 4*o + v*h - h, 10 = 2*o - 4*h. What are the prime factors of o?
3
Let j be 24/15 - 2/(-5). Suppose -u + 0 = j. List the prime factors of u*(-7 + 1)/2.
2, 3
Suppose 16*q - 15*q - 32 = 0. List the prime factors of q.
2
Let r = 155 + -75. Suppose r = 5*z + 3*t, 4*z - t - 68 - 13 = 0. List the prime factors of z.
19
Suppose -2*x = y - 44, -3*x = 5*y + 136 - 391. List the prime factors of y.
2, 3
What are the prime factors of ((-150)/(-18))/((-2)/(-6))?
5
What are the prime factors of (3/1 - 15)*34/(-4)?
2, 3, 17
Let x be -15*((-55)/(-15) + -4). Suppose z + 2*z - 195 = 0. Suppose -x*h = 5*p - 8*h - z, 15 = p - h. List the prime factors of p.
2, 5
Let r(k) = -3*k + 9*k + 7*k**2 - 3 - 2 + k**3. Let w be r(-6). List the prime factors of (0 + -1)/(1/w).
5
Suppose 3 = -2*i - 3. What are the prime factors of 2/i + (-40)/(-6)?
2, 3
Let z(q) = 4*q**2 + 4 + 0*q**2 - 7*q - 5 + q**3. What are the prime factors of z(-5)?
3
Let t be (-1)/(((-1)/11)/1). Suppose -36 = 5*i - t. Let h = 17 + i. What are the prime factors of h?
2, 3
Let q = 331 - 231. Suppose -u = 3*u - q. Let k = -10 + u. What are the prime factors of k?
3, 5
Let y(v) = -v**3 - 4*v + 19. List the prime factors of y(-5).
2, 41
Let f(l) be the third derivative of l**5/60 + 7*l**4/24 - l**3 + 3*l**2. What are the prime factors of f(-8)?
2
List the prime factors of 4/(-6) - (-92)/12.
7
Let i(h) = 2*h - 1 - 1 + 2 - 2. List the prime factors of i(6).
2, 5
Let z be 116/12 - (-1)/3. Let c be 2/(-3)*(-36)/3. Let w = z - c. What are the prime factors of w?
2
Let f(n) = 2*n**2 - 2. Let q be (-1 + 2/(-4))*2. List the prime factors of f(q).
2
Suppose -3*r + 17 = -25. What are the prime factors of r?
2, 7
Let b = -18 + 21. What are the prime factors of b?
3
Let x = 20 - 13. Suppose x*l - 3*l - 64 = 0. What are the prime factors of l?
2
Let m(k) = -9*k**2 - 7*k + 2 + 8*k**2 - 6*k. What are the prime factors of m(-13)?
2
Let l(s) = 3*s - 25. Let n be l(11). Let u = 0 + 0. Let j = n + u. List the prime factors of j.
2
Let u be (-1*1)/(1/(-1)). Let d(l) = 7*l - 1. List the prime factors of d(u).
2, 3
Suppose -d - 2*c - 3 + 6 = 0, 4*d + c - 12 = 0. Suppose d*b + b = z - 10, -3*z + 5*b + 16 = 0. Suppose z*w = -w + 33. List the prime factors of w.
11
Suppose -5*k + 161 = -4*j, -2*k = 5*j - 41 - 30. Suppose w - 4*w + k = 0. What are the prime factors of w?
11
Let h be 3/5 - 824/(-10). Let p = h - 58. List the prime factors of p.
5
Let v(u) = 10*u**2 + 2*u - 3. List the prime factors of v(-3).
3
Suppose 8*p - 3*p - 3*x = 279, -2*x = -4. What are the prime factors of p?
3, 19
Let z(n) = -n**2 + 13*n - 5. List the prime factors of z(8).
5, 7
Let t(z) = z**3 - 6*z**2 - 8*z + 9. Let k be t(7). Let w be -1 + 7 + 6/(-3). Suppose -5*l - 19 = -w*r, -r + 23 = k*r - 2*l. What are the prime factors of r?
11
Suppose -16*l - 34 + 3458 = 0. What are the prime factors of l?
2, 107
Let f = 11 + -20. List the prime factors of 0 + -2 + (-261)/f.
3
List the prime factors of 28/7 - 364/(-2).
2, 3, 31
Let u(x) = 2*x**2 - 5*x + 10. Suppose 2*p - p - q = 8, 2*p = 5*q + 25. What are the prime factors of u(p)?
5, 7
Let v(z) = -z. Let l be v(-1). Let u be (-1)/(1/6) - 0. List the prime factors of -1 + l + (-1 - u).
5
Suppose 10 = -5*c + 7*c. List the prime factors of c.
5
Let i(b) be the third derivative of 0 - 1/3*b**3 + 0*b + 1/24*b**4 + 2*b**2. List the prime factors of i(5).
3
Let k be -1 + -31 + -5 + 3. Let h = k - -17. Let l = h + 25. What are the prime factors of l?
2
Suppose 2*o = 4*t - 408, 273 = 4*t - o - 137. List the prime factors of t.
103
Let z be 56/(-35) + 2/(-5). Let p = z - -11. Let a = p - -1. List the prime factors of a.
2, 5
Suppose 2*i - 3*t + 8*t = 607, 2*t = -5*i + 1570. What are the prime factors of i?
2, 79
Let j(v) = -v**2 + 7*v + 4. Let r be j(7). Let i(l) = 3*l + r - 5 - l. List the prime factors of i(3).
5
Let s = 17 + -12. List the prime factors of s.
5
Suppose f = -s, -f - 18 = 4*s - 6. Suppose -83 = -3*u + 2*a, f*a - 88 = -4*u + 36. List the prime factors of u.
29
Let k = 10 - 6. Suppose -5 + 1 = -2*z, -5*c - k*z = -73. What are the prime factors of c?
13
Let v = 107 - 2. List the prime factors of v.
3, 5, 7
Let x(q) = -q**2 - 3 + 2*q**2 - 2*q**2 + 10*q - 3. Let t = 29 - 20. List the prime factors of x(t).
3
Suppose -5*j + 400 = 5*w, 68 + 90 = 2*w + j. Let m = -52 + w. List the prime factors of m.
2, 13
Let t(q) = -63*q + 15. What are the prime factors of t(-5)?
2, 3, 5, 11
Suppose w = 4*w. Suppose a + w*a - 4 = 0. List the prime factors of a.
2
Let t(c) = c**3 - c**2 + 2*c - 7. List the prime factors of t(4).
7
Let b(x) = x - 2. Let p be b(-5). Let d be 0 + 0 - 3 - p. List the prime factors of d/((-12)/(-33)) - -3.
2, 7
Let b = 13 + -6. What are the prime factors of 2/(-7) + 86/b?
2, 3
What are the prime factors of (-4 - (-2 - 4)) + 202?
2, 3, 17
Let o be (4 - 5)/(1/(-2)). Let m = 0 + o. Suppose -m*c + 3*c = 9. What are the prime factors of c?
3
Let x be 2/4 + 18/4. Let a be 0 + -2 + (-2 - -4). Let j = a + x. List the prime factors of j.
5
Let m(y) = -22*y**2 + y**3 + 4*y + 20*y**2 + 2 - 2*y**3 - 1. List the prime factors of m(-4).
17
Let l(v) = 2*v**3 - v**2 - 2*v + 1. Let c be l(2). Suppose 3 = -3*o - 2*a + 2, 5*o = 3*a - 8. Let m = c + o. List the prime factors of m.
2
Let s be ((-1)/2)/(1/2). Let d = 1 + s. Suppose 3*f + 0*f + 15 = d, -2*i = -4*f - 26. What are the prime factors of i?
3
Let z be 9/12*(5 - 1). Let w(o) = o - 1. Let x be w(z). What are the prime factors of (2/(-6))/(x/(-42))?
7
Suppose 3*b - 5*f = 1, 2*b - f + 4*f - 7 = 0. Suppose 4*x = -2*n + 2 + 76, 51 = b*x - 3*n. Let s = 39 - x. What are the prime factors of s?
2, 3
Let c be 2 + (-4)/(0 + 2). Let l(